{"id":319,"date":"2016-08-23T04:15:21","date_gmt":"2016-08-23T04:15:21","guid":{"rendered":"http:\/\/demo.uix.store\/sober\/?page_id=319"},"modified":"2024-03-12T17:27:32","modified_gmt":"2024-03-12T16:27:32","slug":"about-us","status":"publish","type":"page","link":"https:\/\/aasoo.de\/?page_id=319","title":{"rendered":"\u00fcber uns"},"content":{"rendered":"<p>[vc_row css=&#8221;.vc_custom_1480665418505{margin-top: 20px !important;margin-bottom: 90px !important;}&#8221;][vc_column][vc_column_text]<\/p>\n<p style=\"text-align: justify;\">Die Gr\u00fcndung eines internationalen Handelsunternehmens entsprang meiner ersten Masterarbeit, in der ich mich mit Export Management Companies auseinandersetzte: Welche Rolle spielen sie am Markt und welche Aufgaben haben sie? Ich stie\u00df auf zahlreiche Hersteller, die einzigartige und hochwertige Produkte herstellten, jedoch in ihrem Marketing wenig effektiv waren. Als Folge davon entsprach ihr Marktanteil weder der Qualit\u00e4t ihrer Produkte noch ihren Bem\u00fchungen. Also fragte ich mich: Warum sollte ich nicht einfach diese Produkte auf dem europ\u00e4ischen Markt einf\u00fchren? Heute sind wir bei aaSoo und f\u00fchren hochwertige Produkte auf dem deutschen Markt ein &#8211; ohne teure Zwischenh\u00e4ndler. Wir sind fest davon \u00fcberzeugt, dass hochwertige Produkte auch hochwertige Kunden verdienen. Unser B\u00fcro befindet sich im malerischen Hamburg, und unser Ziel ist es, jedem unserer Kunden ein herausragendes Einkaufserlebnis zu bieten. Jetzt ist es an der Zeit, vielf\u00e4ltige und einzigartige Produkte in Ihr Leben zu integrieren.<\/p>\n<p>[\/vc_column_text][\/vc_column][\/vc_row]<\/p>\n","protected":false},"excerpt":{"rendered":"<p>[vc_row css=&#8221;.vc_custom_1480665418505{margin-top: 20px !important;margin-bottom: 90px !important;}&#8221;][vc_column][vc_column_text] Die Gr\u00fcndung eines internationalen Handelsunternehmens entsprang meiner ersten Masterarbeit,&hellip;<\/p>\n","protected":false},"author":3,"featured_media":0,"parent":0,"menu_order":0,"comment_status":"closed","ping_status":"closed","template":"","meta":[],"_links":{"self":[{"href":"https:\/\/aasoo.de\/index.php?rest_route=\/wp\/v2\/pages\/319"}],"collection":[{"href":"https:\/\/aasoo.de\/index.php?rest_route=\/wp\/v2\/pages"}],"about":[{"href":"https:\/\/aasoo.de\/index.php?rest_route=\/wp\/v2\/types\/page"}],"author":[{"embeddable":true,"href":"https:\/\/aasoo.de\/index.php?rest_route=\/wp\/v2\/users\/3"}],"replies":[{"embeddable":true,"href":"https:\/\/aasoo.de\/index.php?rest_route=%2Fwp%2Fv2%2Fcomments&post=319"}],"version-history":[{"count":6,"href":"https:\/\/aasoo.de\/index.php?rest_route=\/wp\/v2\/pages\/319\/revisions"}],"predecessor-version":[{"id":4976,"href":"https:\/\/aasoo.de\/index.php?rest_route=\/wp\/v2\/pages\/319\/revisions\/4976"}],"wp:attachment":[{"href":"https:\/\/aasoo.de\/index.php?rest_route=%2Fwp%2Fv2%2Fmedia&parent=319"}],"curies":[{"name":"wp","href":"https:\/\/api.w.org\/{rel}","templated":true}]}}